{"id":4099,"date":"2017-08-20T13:15:27","date_gmt":"2017-08-20T17:15:27","guid":{"rendered":"https:\/\/christianediting.com\/?page_id=4099"},"modified":"2019-04-29T10:02:10","modified_gmt":"2019-04-29T14:02:10","slug":"convocatoria-201718","status":"publish","type":"page","link":"https:\/\/christianediting.com\/?page_id=4099","title":{"rendered":"Convocatoria 2017\/18"},"content":{"rendered":"<p><img loading=\"lazy\" decoding=\"async\" class=\"aligncenter size-full wp-image-338\" src=\"https:\/\/christianediting.com\/wp-content\/uploads\/2011\/01\/PRC-2.jpg\" alt=\"Premio Relato Cristiano\" width=\"250\" height=\"150\" \/><\/p>\n<p style=\"text-align: center;\"><strong>Premio Relato Cristiano<\/strong><br \/>\n<em>En busca de las cinco mejores narraciones del a\u00f1o.<\/em><\/p>\n<p><span style=\"color: #ff6600;\"><strong>NOTA:<\/strong> <\/span>EL PRC PARA ESTA CONVOCATORIA FUE DECLARADO DESIERTO EN PARTE. ALGUNAS DE LAS OBRAS ENVIADAS A CONCURSO SERAN CONSIDERADAS PARA COMPETIR EN LA PROXIMA EDCION DEL PREMIO RELATO CRISTIANO.<\/p>\n<p style=\"text-align: center;\"><strong>BASES 2017 \/18<\/strong><\/p>\n<p>Convencidos de que la literatura es un excelente medio para comunicar profundamente los valores cristianos, b\u00edblicos y del evangelio de Jes\u00fas, CHRISTIAN EDITING PUBLISHING HOUSE convoca al <strong>Premio Relato Cristiano 2017-2018<\/strong>.<\/p>\n<p>El <strong>Premio Relato Cristiano<\/strong> tiene como objetivos el fomento de la literatura de inspiraci\u00f3n cristiana, la promoci\u00f3n de nuevos escritores cristianos de lengua castellana y el desarrollo del testimonio y la ficci\u00f3n literaria cristiana como g\u00e9neros literarios evangel\u00edsticos.<\/p>\n<p>El <strong>Premio Relato Cristiano<\/strong> tiene un alcance internacional y se convoca bajo las siguientes BASES para la<strong> edici\u00f3n del 2017\/18.<\/strong><\/p>\n<p><strong>1.<\/strong> El Premio consistir\u00e1 en la publicaci\u00f3n en un tomo de las CINCO mejores narraciones de inspiraci\u00f3n cristiana. El Jurado podr\u00e1 recomendar la publicaci\u00f3n de otras obras finalistas.<\/p>\n<p><strong>2.<\/strong> El concurso podr\u00e1 ser declarado \u201cdesierto\u201d en parte o en su totalidad.<\/p>\n<p><strong>3.<\/strong> El libro con las obras premiadas ser\u00e1 publicado y comercializado tanto en el formato tradicional de libro impreso en papel, as\u00ed como, eventualmente, en el formato de libro electr\u00f3nico (<em>ebook<\/em>).<\/p>\n<p><strong>4.<\/strong> Podr\u00e1n presentarse al Premio obras que se ajusten al concepto com\u00fanmente aceptado de narrativa, enmarcadas en g\u00e9neros particulares como el relato, la noveleta o novela corta, el cuento largo o el testimonio, cuya riqueza literaria, enfoques y valores resultantes est\u00e9n acordes con los principios fundamentales de la fe cristiana, y atendiendo a que las obras est\u00e9n escritas en castellano, sean originales, in\u00e9ditas y no hayan sido premiada en ning\u00fan otro concurso.<\/p>\n<p><strong>5.<\/strong> Podr\u00e1n participar en el <strong>Premio Relato Cristiano<\/strong> con una o m\u00e1s obras todos los escritores que lo deseen, cualquiera que sea su nacionalidad o procedencia.<\/p>\n<p><strong>6.<\/strong> La obra concursante deber\u00e1 tener una extensi\u00f3n m\u00ednima de 7,000 palabras y una extensi\u00f3n m\u00e1xima de 14,000 palabras, presentadas en un formato de texto digital.<\/p>\n<p><strong>7.<\/strong> La obra concursante deber\u00e1 enviarse a CHRISTIAN EDITING en un archivo digital de texto anexado a un correo electr\u00f3nico, preferentemente en Word.<\/p>\n<p><strong>8.<\/strong> Cada original deber\u00e1 incluir una nota aceptando expresamente las bases y condiciones de este concurso, con los nombres y apellidos del autor, direcci\u00f3n de domicilio, tel\u00e9fono de contacto, correo electr\u00f3nico y otros datos personales, de identidad y trayectoria literaria que considere adecuados. No se mantendr\u00e1 correspondencia con los remitentes ni se facilitar\u00e1 informaci\u00f3n alguna relativa al seguimiento del Premio, aunque eventualmente podr\u00e1 ped\u00edrsele datos o pruebas de su identidad adicionales.<\/p>\n<p><strong>9.<\/strong> Los textos originales podr\u00e1n enviarse por correo electr\u00f3nico a <em>PremioRelatoCristiano@ChristianEditing.com<\/em><\/p>\n<p>10. Una vez hecho p\u00fablico el fallo del Premio, los originales no premiados y sus copias ser\u00e1n destruidos, sin posibilidad de reclamaci\u00f3n alguna por parte de sus remitentes. La entidad organizadora del Premio no se hace responsable de las posibles p\u00e9rdidas o deterioros de los originales, ni de los retrasos o cualquier otra circunstancia imputable a correos o a terceros que pueda afectar los env\u00edos de las obras participantes.<\/p>\n<p><strong>11.<\/strong> Si el concurso es declarado \u201cdesierto\u201d en parte, algunas obras de calidad ser\u00e1n consideradas en la siguiente convocatoria al <strong>Premio Relato Cristiano.<\/strong><\/p>\n<p><strong>12.<\/strong> El plazo de admisi\u00f3n de originales para la presente convocatoria <strong>cerrar\u00e1 el 5 de mayo de 2018<\/strong>.<\/p>\n<p><strong>13.<\/strong> El Jurado estar\u00e1 compuesto por destacadas personalidades del ministerio, la literatura y la industria editorial cristiana.<\/p>\n<p><strong>14.<\/strong> Una comisi\u00f3n de lectura realizar\u00e1 la clasificaci\u00f3n y evaluaci\u00f3n primaria de todas las obras enviadas al concurso y someter\u00e1 al Jurado las 15 que considere mejores.<\/p>\n<p><strong>15.<\/strong> El <strong>Premio Relato Cristiano<\/strong> se otorgar\u00e1 a aquellas obras de las presentadas que por unanimidad o, en su defecto, por mayor\u00eda de votos del Jurado se consideren merecedoras del galard\u00f3n, y podr\u00e1 ser declarado desierto parcialmente o en su totalidad.<\/p>\n<p><strong>16.<\/strong> El fallo del Jurado ser\u00e1 inapelable y se har\u00e1 p\u00fablico a los medios de prensa mediante un comunicado.<\/p>\n<p><strong>17.<\/strong> El libro con las obras premiadas ser\u00e1 producido por CHRISTIAN EDITING PUBLISHING HOUSE, que lo publicar\u00e1 y comercializar\u00e1 seg\u00fan la demanda.<\/p>\n<p><strong>18.<\/strong> Los autores de las obras ganadoras ceden a CHRISTIAN EDITING el derecho exclusivo de explotaci\u00f3n de su obra en cualquier forma y en todas sus modalidades, para todo el mundo. Esta cesi\u00f3n de derechos es por el plazo m\u00e1ximo de duraci\u00f3n que establece la legislaci\u00f3n aplicable al respecto y en ning\u00fan caso menor de tres a\u00f1os.<\/p>\n<p><strong>19.<\/strong> Entre los derechos reconocidos a CHRISTIAN EDITING se entender\u00e1n comprendidas todas las modalidades de producci\u00f3n de las obras ganadoras (r\u00fastica, tapa dura, bolsillo, fasc\u00edculos, reproducci\u00f3n parcial en pre y post publicaciones, reproducci\u00f3n impresa en publicaciones peri\u00f3dicas, antolog\u00edas, libros escolares y otras ediciones especiales sean o no promocionales, impresi\u00f3n a demanda, ebooks, etc\u00e9tera). Tambi\u00e9n se entender\u00e1n comprendidos los derechos de reproducci\u00f3n, distribuci\u00f3n y comunicaci\u00f3n p\u00fablica (en todas sus modalidades) de la obra en versiones electr\u00f3nicas (incluidas las versiones multimedia y las redes inform\u00e1ticas de comunicaci\u00f3n), en cualquier soporte electr\u00f3nico en su m\u00e1s amplio sentido, pudiendo transmitirla a trav\u00e9s de Internet y otras redes inform\u00e1ticas y de telecomunicaciones y permitiendo a terceros su reproducci\u00f3n y\/o almacenamiento, as\u00ed como el derecho de transformaci\u00f3n y adaptaci\u00f3n de las obras en cualquier modalidad de obra audiovisual (cinematogr\u00e1fica, televisiva, v\u00eddeo, etc\u00e9tera). Quedan tambi\u00e9n reservados en exclusiva a la entidad convocante los derechos de traducci\u00f3n para la edici\u00f3n en todos los idiomas, el derecho a publicar las obras por cualquier sociedad del grupo empresarial al que la editorial pertenece y la posibilidad de cesi\u00f3n a terceros. La editorial podr\u00e1 realizar cuantas ediciones decida de las obras.<\/p>\n<p><strong>20.<\/strong> Los autores de las obras ganadoras quedan obligados a suscribir cuantos contratos y documentos sean necesarios para la protecci\u00f3n de los derechos de explotaci\u00f3n cedidos y para la inscripci\u00f3n de las obras en los registros de la propiedad intelectual de los pa\u00edses donde sea comercializada. Tenga en cuenta que el <strong>Premio Relato Cristiano<\/strong> tiene un car\u00e1cter sin fines de lucro. La publicaci\u00f3n de la obra se har\u00e1 en una tirada corta para explorar la aceptaci\u00f3n del mercado. De producirse algunas regal\u00edas de autor por la explotaci\u00f3n comercial de la obra (12% de la ganancia neta obtenida), estas ser\u00e1n repartidas entre los cinco ganadores. De no formalizarse un contrato personal con los los ganadores al respecto, el contenido de las presentes Bases tendr\u00e1 la consideraci\u00f3n de contrato de cesi\u00f3n de derechos y regal\u00edas entre la editorial convocante y los ganadores.<\/p>\n<p><strong>21.<\/strong> El concursante autoriza expresamente a la entidad convocante a utilizar con fines publicitarios su nombre y su imagen como participante en el Premio, as\u00ed como a publicar una rese\u00f1a o un fragmento de su obra en las p\u00e1ginas web de CHRISTIAN EDITING.<\/p>\n<p><strong>22.<\/strong> La participaci\u00f3n en el <strong>Premio Relato Cristiano<\/strong> implica de forma autom\u00e1tica la plena y total aceptaci\u00f3n, sin reservas, de las presentes Bases.<\/p>\n<p>Creemos que el <strong>Premio Relato Cristiano<\/strong> constituir\u00e1 una hist\u00f3rica convocatoria para el avance de la literatura evang\u00e9lica.<\/p>\n<p>CHRISTIAN EDITING PUBLISHING HOUSE<br \/>\nConvocatoria dada en Miami, Florida, USA, agosto 2017.<\/p>\n<p><a href=\"https:\/\/www.facebook.com\/Premio-Relato-Cristiano-213557632053446\/\" target=\"_blank\" rel=\"noopener\">Estamos en facebook.<\/a><\/p>\n","protected":false},"excerpt":{"rendered":"<p>Premio Relato Cristiano En busca de las cinco mejores narraciones del a\u00f1o. NOTA: EL PRC PARA ESTA CONVOCATORIA FUE DECLARADO DESIERTO EN PARTE. ALGUNAS DE LAS OBRAS ENVIADAS A CONCURSO SERAN CONSIDERADAS PARA COMPETIR EN LA PROXIMA EDCION DEL PREMIO RELATO CRISTIANO. BASES 2017 \/18 Convencidos de que la literatura es un excelente medio para&hellip;<\/p>\n","protected":false},"author":1,"featured_media":0,"parent":104,"menu_order":0,"comment_status":"closed","ping_status":"closed","template":"","meta":{"om_disable_all_campaigns":false,"_exactmetrics_skip_tracking":false,"_exactmetrics_sitenote_active":false,"_exactmetrics_sitenote_note":"","_exactmetrics_sitenote_category":0,"_monsterinsights_skip_tracking":false,"_monsterinsights_sitenote_active":false,"_monsterinsights_sitenote_note":"","_monsterinsights_sitenote_category":0,"footnotes":""},"class_list":["post-4099","page","type-page","status-publish","hentry","no-post-thumbnail","entry"],"aioseo_notices":[],"_links":{"self":[{"href":"https:\/\/christianediting.com\/index.php?rest_route=\/wp\/v2\/pages\/4099","targetHints":{"allow":["GET"]}}],"collection":[{"href":"https:\/\/christianediting.com\/index.php?rest_route=\/wp\/v2\/pages"}],"about":[{"href":"https:\/\/christianediting.com\/index.php?rest_route=\/wp\/v2\/types\/page"}],"author":[{"embeddable":true,"href":"https:\/\/christianediting.com\/index.php?rest_route=\/wp\/v2\/users\/1"}],"replies":[{"embeddable":true,"href":"https:\/\/christianediting.com\/index.php?rest_route=%2Fwp%2Fv2%2Fcomments&post=4099"}],"version-history":[{"count":0,"href":"https:\/\/christianediting.com\/index.php?rest_route=\/wp\/v2\/pages\/4099\/revisions"}],"up":[{"embeddable":true,"href":"https:\/\/christianediting.com\/index.php?rest_route=\/wp\/v2\/pages\/104"}],"wp:attachment":[{"href":"https:\/\/christianediting.com\/index.php?rest_route=%2Fwp%2Fv2%2Fmedia&parent=4099"}],"curies":[{"name":"wp","href":"https:\/\/api.w.org\/{rel}","templated":true}]}}