{"id":75,"date":"2011-01-08T17:25:43","date_gmt":"2011-01-08T22:25:43","guid":{"rendered":"https:\/\/christianediting.com\/?page_id=75"},"modified":"2021-01-24T12:33:48","modified_gmt":"2021-01-24T17:33:48","slug":"cantidades-y-precios","status":"publish","type":"page","link":"https:\/\/christianediting.com\/?page_id=75","title":{"rendered":"Cantidades y Precios"},"content":{"rendered":"<div style=\"text-align: center;\"><strong><a href=\"https:\/\/christianediting.com\/wp-content\/uploads\/2011\/01\/Escriba.jpg\"><img loading=\"lazy\" decoding=\"async\" class=\"wp-image-226 alignnone\" title=\"Escr\u00edbanos\" src=\"https:\/\/christianediting.com\/wp-content\/uploads\/2011\/01\/Escriba.jpg\" alt=\"\" width=\"612\" height=\"212\" srcset=\"https:\/\/christianediting.com\/wp-content\/uploads\/2011\/01\/Escriba.jpg 450w, https:\/\/christianediting.com\/wp-content\/uploads\/2011\/01\/Escriba-300x104.jpg 300w\" sizes=\"auto, (max-width: 612px) 100vw, 612px\" \/><\/a> <\/strong><\/div>\n<div><\/div>\n<div><\/div>\n<div><a href=\"https:\/\/christianediting.com\/?p=4990\"><strong>Programas de Publicaci\u00f3n para Autores y Ministerios.<\/strong><\/a><\/div>\n<div>Considere nuestro m\u00f3dulo de tiradas cortas o medianas (100-300; 500, 1000 y 2000 libros) para autores y ministerios cristianos que deseen publicar libros bajo nuestro sello editorial con muchos beneficios.<\/div>\n<div><\/div>\n<div>\u00a0_______________________________<\/div>\n<div><a href=\"https:\/\/christianediting.com\/wp-content\/uploads\/2016\/09\/PRIMICIA-DIGITAL.jpg\"><strong>Pregunte tambi\u00e9n por nuestras tiradas de producci\u00f3n digital de s\u00f3lo 100 libros.<\/strong><\/a><\/div>\n<div>________________________________<\/div>\n<div><\/div>\n<div>Los costos de publicaci\u00f3n var\u00edan seg\u00fan la cantidad de p\u00e1ginas de su libro (determinadas por la cantidad de texto y el formato de su libro), tambi\u00e9n la cantidad de ejemplares que va a imprimir, y su lugar de residencia. Para autores fuera de los Estados Unidos tenemos la opci\u00f3n de imprimir parte de la edici\u00f3n en ciudades seleccionadas, significando un gran ahorro en gastos de env\u00edo.<\/div>\n<div><\/div>\n<div>\u00a0______________________________<\/div>\n<div>Puede que le salga m\u00e1s econ\u00f3mico si considera un formato m\u00e1s peque\u00f1o u otros factores. Todo depende del tipo de libro, y nosotros lo orientaremos al respecto. Tome en cuenta que puede hacer pagos escalonados por medio de tarjetas de cr\u00e9dito o de banco (Visa, MasterCard, PayPal, etc.).<\/div>\n<div>______________________________<\/div>\n<div><\/div>\n<div>\n<p>Para una cotizaci\u00f3n espec\u00edfica de su proyecto, debe enviarnos el texto completo en un archivo Word. Tambi\u00e9n datos acerca de su persona y ministerio cristiano si est\u00e1 activo en alguno.<\/p>\n<p><strong>Escr\u00edbanos con su informaci\u00f3n a <em>Editorial@ChristianEditing.com<\/em>\u00a0<\/strong><\/p>\n<p><a href=\"https:\/\/christianediting.com\/?page_id=77\">\u2022 Ejemplos de Dise\u00f1o<br \/>\n<\/a><\/p>\n<\/div>\n<div><strong> _______________________<\/strong><\/div>\n<div><\/div>\n","protected":false},"excerpt":{"rendered":"<p>Programas de Publicaci\u00f3n para Autores y Ministerios. Considere nuestro m\u00f3dulo de tiradas cortas o medianas (100-300; 500, 1000 y 2000 libros) para autores y ministerios cristianos que deseen publicar libros bajo nuestro sello editorial con muchos beneficios. \u00a0_______________________________ Pregunte tambi\u00e9n por nuestras tiradas de producci\u00f3n digital de s\u00f3lo 100 libros. ________________________________ Los costos de publicaci\u00f3n&hellip;<\/p>\n","protected":false},"author":1,"featured_media":0,"parent":38,"menu_order":1,"comment_status":"open","ping_status":"open","template":"","meta":{"om_disable_all_campaigns":false,"_exactmetrics_skip_tracking":false,"_exactmetrics_sitenote_active":false,"_exactmetrics_sitenote_note":"","_exactmetrics_sitenote_category":0,"_monsterinsights_skip_tracking":false,"_monsterinsights_sitenote_active":false,"_monsterinsights_sitenote_note":"","_monsterinsights_sitenote_category":0,"footnotes":""},"class_list":["post-75","page","type-page","status-publish","hentry","no-post-thumbnail","entry"],"aioseo_notices":[],"_links":{"self":[{"href":"https:\/\/christianediting.com\/index.php?rest_route=\/wp\/v2\/pages\/75","targetHints":{"allow":["GET"]}}],"collection":[{"href":"https:\/\/christianediting.com\/index.php?rest_route=\/wp\/v2\/pages"}],"about":[{"href":"https:\/\/christianediting.com\/index.php?rest_route=\/wp\/v2\/types\/page"}],"author":[{"embeddable":true,"href":"https:\/\/christianediting.com\/index.php?rest_route=\/wp\/v2\/users\/1"}],"replies":[{"embeddable":true,"href":"https:\/\/christianediting.com\/index.php?rest_route=%2Fwp%2Fv2%2Fcomments&post=75"}],"version-history":[{"count":1,"href":"https:\/\/christianediting.com\/index.php?rest_route=\/wp\/v2\/pages\/75\/revisions"}],"predecessor-version":[{"id":5001,"href":"https:\/\/christianediting.com\/index.php?rest_route=\/wp\/v2\/pages\/75\/revisions\/5001"}],"up":[{"embeddable":true,"href":"https:\/\/christianediting.com\/index.php?rest_route=\/wp\/v2\/pages\/38"}],"wp:attachment":[{"href":"https:\/\/christianediting.com\/index.php?rest_route=%2Fwp%2Fv2%2Fmedia&parent=75"}],"curies":[{"name":"wp","href":"https:\/\/api.w.org\/{rel}","templated":true}]}}